 is the units digit of h(8)?
7
Suppose 116 = 4*o + 108, b = -2*o + 840. What is the units digit of b?
6
Suppose 3680 = -147*a + 151*a. Suppose -12*d + a + 640 = 0. What is the hundreds digit of d?
1
Suppose 4*b + 13 = 25. What is the units digit of 393 - (-3)/2*8/b?
7
Suppose 4*n + 4 = -b, 2*n = -n - b - 4. Suppose 23 = z - n*z. Let i = z - -218. What is the hundreds digit of i?
2
Let l(w) = 3*w - 8. Let c be l(4). Let j be 292*c/24*9/1. Suppose -2*r + 8*r - j = 0. What is the tens digit of r?
7
Suppose -5*i - 5*m = 0, -2*i + 2*m = -6*i. Suppose 2*j = -3*q + 760, i*q + 3*j + 1292 = 5*q. What is the hundreds digit of q?
2
Suppose 27*v - 26*v = 0. Suppose v = -9*i + 531 + 594. What is the tens digit of i?
2
Suppose 3*g - 3*m - 3 = 0, 0 = 4*g - 3*m + 4 - 11. Suppose 7*t = 542 + 53. Suppose g + t = f. What is the units digit of f?
9
What is the thousands digit of 7*(-13 + 14)*10646/14?
5
Suppose 4460 = 12*s - 2*s. Let x = -331 + 325. What is the units digit of 1 + s/6 - x/9?
6
Suppose -3*m - 5*d + 96138 = 0, -4*m + 11*d = -96367 - 31764. What is the hundreds digit of m?
0
Let n = 186 - 186. Suppose n = x + 5*q - 36 - 86, 0 = -5*x + 2*q + 745. What is the tens digit of x?
4
Let w be 8/(-14) + 4291/49. Let n be (-8)/28 - 411/7. Let h = n + w. What is the tens digit of h?
2
What is the ten thousands digit of -93768*(901/(-51) - -17)?
6
Suppose 3*x - 2*c - 8988 = 0, 0 = -7*x + 2*c + 3*c + 20971. What is the hundreds digit of x?
9
Suppose -3*g = 2*r - 19, -2*g + 6*g = r + 18. Suppose 46 = -g*i + 2*w, -i + 0*i - 5*w - 20 = 0. What is the tens digit of (-436)/(-5) + (52/i - -5)?
8
Let g = 0 + 0. Let r = 11344 - 11341. Suppose r*k + 131 - 386 = g. What is the tens digit of k?
8
Let g(r) = -11321*r + 150. What is the ten thousands digit of g(-1)?
1
Let g be ((-2)/(10/3))/((-1)/5). Suppose -3*s - 30 = -g. Let l(u) = -7*u - 21. What is the tens digit of l(s)?
4
Let t(d) = d**3 - 12*d**2 - 34*d + 22. Suppose 17*k = 7*k + 150. What is the hundreds digit of t(k)?
1
Suppose 102*d + 43*d = -203*d + 256476. What is the tens digit of d?
3
What is the ten thousands digit of (-107)/535 + 18/(-10) - -32061?
3
Let h(o) = -o**3 - 68*o**2 - 675*o - 672. What is the tens digit of h(-71)?
7
Suppose -5*n - 58 = -0*n + 3*j, -52 = 5*n - 3*j. Let d(w) = -116*w - 180. What is the hundreds digit of d(n)?
0
Let f(v) be the third derivative of 1/10*v**5 + 1/24*v**4 - 13/6*v**3 - 33*v**2 + 0 + 0*v. What is the hundreds digit of f(6)?
2
Suppose -52 = -11*w + 3. Suppose -w*t - 2*h = -4*t - 181, -3*t + 543 = -4*h. What is the hundreds digit of t?
1
Suppose 50 = 11*g - 9*g. Let k be 343 - -3*g/(-15). Suppose -13*f = -1781 - k. What is the hundreds digit of f?
1
Let s(z) = 5696*z**2 - 2*z + 4. What is the units digit of s(1)?
8
Let p(n) = 139*n + 3. Let c be p(-1). Let a = c - -99. Let r = a - -41. What is the units digit of r?
4
Let j(i) = -11*i - 34. Let a(v) = 12*v + 31. Let s(m) = 1. Let w(u) = -a(u) - 2*s(u). Let o(g) = -2*j(g) + 3*w(g). What is the units digit of o(-9)?
5
Suppose -144*y - 24070 = -147*y + 5*h, -2*h = 2*y - 16036. What is the hundreds digit of y?
0
Let g(r) = -3*r**3 - 14*r**2 + 34*r - 154. What is the hundreds digit of g(-19)?
7
Let f(d) = d**2 - d - 29. Suppose -4*s = -8*s + 240. Suppose 8*b + s + 4 = 0. What is the tens digit of f(b)?
4
Let h = -153 - -226. Suppose 0 = 60*x - h*x + 10868. What is the tens digit of x?
3
Let d(g) = 32*g**2 + 18*g + 43. Let t = -559 - -552. What is the units digit of d(t)?
5
Let c be (30/20)/((-2)/(-212)). Suppose -101 = -3*b + 2*b + 5*y, 5*b - 5*y - 405 = 0. Suppose b + c = 3*f + j, -f + 3*j = -65. What is the tens digit of f?
7
Suppose -5 = -v - 1. Suppose 24 = v*i + 32. What is the tens digit of 20/(i/(-12)*4)?
3
Let g(l) = 6 + 6 - 231*l**2 - 9*l + 242*l**2 - l**3 - 9. What is the tens digit of g(9)?
8
Let c(i) be the third derivative of -i**4/12 + 25*i**3/6 + 6*i**2. Let g be c(9). Suppose -v - 216 = -g*v. What is the units digit of v?
6
Let a = -46289 + 65313. What is the thousands digit of a?
9
Suppose 0 = -2*t - 6*t + 3752. Let i = -191 + t. What is the hundreds digit of i?
2
Let j be (8 - 15)/(1/7). Let c = -60 - j. Let n = 24 + c. What is the units digit of n?
3
Suppose -36*k - 10 = -38*k, 2*x = 2*k + 10546. What is the units digit of x?
8
Suppose 49*d = 44*d + 25. Suppose 229 = 2*j + 5*b, 0 = -d*j - b - 107 + 737. What is the units digit of j?
7
Let v be (-2 - (-4 - 1)) + 2*2. Suppose 5 + v = 3*w. Suppose -2*y = -5*t - 114, t = -0*t - w. What is the units digit of y?
7
Suppose -7726415 - 1601365 = -330*l. What is the ten thousands digit of l?
2
Let d(u) = u**2 + 18*u - 24. Let t be d(-20). What is the hundreds digit of 10*(2 + -3 + t)?
1
Let j = 112 + -108. Suppose c = -c + j. Suppose 5*n + 452 = 3*s, c*s - n = 7*s - 800. What is the units digit of s?
9
Suppose k = 8*f - 5*f - 4, f + 3*k + 2 = 0. Suppose -f = 4*q - 769. What is the hundreds digit of q?
1
Suppose 2*y - 12374 = -3*t, -2*t - 38511 + 7519 = -5*y. What is the thousands digit of y?
6
Let k = 67 - 63. Suppose -q = -3*q - 4*d + k, -3*d + 16 = -5*q. What is the tens digit of (q - -4)/(-3 + 1306/434)?
1
Let h(f) = 3*f**2 - 3. Let w be h(-4). Suppose -48*g + w*g = -120. Suppose 0 = -4*v - 0*v + g. What is the units digit of v?
0
Suppose 4*d - 118604 = 4*o, -40*o + 88951 = 3*d - 41*o. What is the tens digit of d?
5
Let g = 6025 + -2264. What is the tens digit of g?
6
Suppose 0 = 80*y - 82*y + 3212. Suppose h - y = -2*g, 4*g - 3*g + 4 = 0. What is the thousands digit of h?
1
Let y = 1926 - 173. What is the units digit of y?
3
Let p be (61 - 33)*(-102)/(-7) - 5. Suppose 0 = l - 4*v - p, l - 48 - 358 = 5*v. What is the units digit of l?
1
Suppose 159737 - 825577 = -29*m. What is the hundreds digit of ((4/10)/(16/m))/1?
5
Suppose -895*b + 889*b + 12 = 0. Suppose -3*s + 4*s - 2*q = 325, q - 645 = -b*s. What is the units digit of s?
3
Let h = -10 - 69. Let k = 74 + h. Let p(r) = -3*r**3 - 7*r**2 - 5. What is the hundreds digit of p(k)?
1
Let f = -82 - -86. Suppose 55*v - 57*v = -f. What is the hundreds digit of (0 + v - (1 + 2)) + 289?
2
Let s(g) = -3941*g - 4429. What is the tens digit of s(-5)?
7
Suppose 27*f + 18 = 28*f. Let x(o) = f - 15 + 5 - 64*o. What is the units digit of x(-3)?
0
Let w(g) = -g**3 + 24*g**2 + 52*g - 9. Let p be w(26). Let f(y) = 2*y**2 + 10*y + 55. What is the hundreds digit of f(p)?
1
What is the hundreds digit of 16/(-248) - (-1539621)/93?
5
Let d(b) = 115*b**2 - 2*b + 1. Let p be d(2). Let o = -1744 + 1746. Suppose -o*i + u + 319 = 0, -5*i + u = -p - 333. What is the hundreds digit of i?
1
Suppose -2*t - 8*d = -7*d - 3, -2*t - 7 = -d. What is the hundreds digit of (1 + (-3)/t)/((-3)/(-573))?
7
Suppose t = -3*y + 9426 - 418, 2*t - y = 18051. What is the thousands digit of t?
9
Let g(d) = 193*d**2 + 133*d - 1241. What is the hundreds digit of g(10)?
3
Suppose 1047 = 7*l - 10867. What is the units digit of l?
2
Let t(p) = -334*p - 2325. What is the units digit of t(-58)?
7
Suppose -27 + 9 = -u. What is the units digit of 3816/108*u/4?
9
Let d = -456 - -1050. Suppose 4*k - 4726 = -d. What is the thousands digit of k?
1
Suppose 2*h - 2 = 2*v + 12, v + h + 17 = 0. Let r be (3/12)/((-1)/v). Suppose -r*w - 3*w + 360 = 0. What is the units digit of w?
0
Let b = 48243 - 20236. What is the thousands digit of b?
8
Let a = -134 + -34. Let r = 368 - a. What is the units digit of r?
6
Let c(r) = -9*r - 100. Let l be c(-11). What is the units digit of (-6148)/(-106) - (l + (-1 - 2))?
2
Let n be 6230/(-25) - 2/(-10). Let d = n + 377. Suppose 0 = -4*f + 12*f - d. What is the tens digit of f?
1
Let y = -50 - -56. Let k be ((-8)/y)/(2 + (-20)/12). What is the units digit of (k - (-7)/2) + 249/2?
4
Let y = -55088 - -86941. What is the ten thousands digit of y?
3
Let s = 220 + -92. Suppose 52 = 6*a - s. Suppose -o + a = -3*k, o - 4*o = 5*k - 34. What is the tens digit of o?
1
Let d(c) be the third derivative of -c**6/120 + c**5/12 + c**4 + 4*c**3/3 + 2*c**2 + 19. What is the units digit of d(-5)?
8
Let a(s) = -6*s + 17. Let h be a(2). Suppose -2*d + 3*k + 1184 = 2*d, h*d - 5*k - 1480 = 0. What is the hundreds digit of d?
2
Let u = 42 - 23. Suppose -u = x - 21. What is the hundreds digit of -101*(x + -3)*1?
1
Let q be ((-6)/5)/(42/140). What is the hundreds digit